{"id":1556,"date":"2018-10-05T16:13:02","date_gmt":"2018-10-05T16:13:02","guid":{"rendered":"https:\/\/www.elogroup.us\/newsite\/?page_id=1556"},"modified":"2018-10-13T15:55:48","modified_gmt":"2018-10-13T15:55:48","slug":"quanto-custa-abrir-empresa-nos-eua","status":"publish","type":"page","link":"https:\/\/www.elogroup.us\/newsite\/quanto-custa-abrir-empresa-nos-eua\/","title":{"rendered":"Quanto custa abrir uma empresa nos EUA?"},"content":{"rendered":"<p>Uma pergunta muito comum:<strong> Quanto custa abrir uma empresa nos EUA?\u00a0 <\/strong>Depende de v\u00e1rios fatores. O\u00a0custo para abrir uma empresa pode v\u00e1riar de acordo com a\u00a0modalidade da empresa e do perfil do empres\u00e1rio.<\/p>\n<p>Caso voc\u00ea tenha curiosidade em ir mais a fundo para entender como realmente funciona esse processo de abertura de empresa, temos um artigo completo explicando o passo a passo para abertura de empresa nos Estados Unidos, <span style=\"color: #003300;\"><a style=\"color: #003300;\" href=\"https:\/\/www.elogroup.us\/newsite\/como-abrir-uma-empresa-nos-eua\/\"><strong>clique aqui<\/strong><\/a><\/span> e acesse o artigo <strong><span style=\"color: #003300;\"><a style=\"color: #003300;\" href=\"https:\/\/www.elogroup.us\/newsite\/como-abrir-uma-empresa-nos-eua\/\">como\u00a0abrir uma empresa nos EUA<\/a>.<\/span><\/strong><\/p>\n<p>A respeito do custo para abrir sua empresa nos EUA, com algumas informa\u00e7\u00f5es conseguimos calcular esse custo. Com esse simples formul\u00e1rio, que voc\u00ea preenche em apenas 1 minuto, vamos gerar <strong>um or\u00e7amento gratuito para voc\u00ea<\/strong>.<\/p>\n<p><iframe loading=\"lazy\" src=\"https:\/\/docs.google.com\/forms\/d\/e\/1FAIpQLSc_VqkimaDx0fzapKlhDHMmQcpb5gQ7xOueDlhuRiwAvu4t5w\/viewform?embedded=true\" width=\"640\" height=\"615\" frameborder=\"0\" marginwidth=\"0\" marginheight=\"0\">Carregando\u2026<\/iframe><\/p>\n<p>&nbsp;<\/p>\n<p>&nbsp;<\/p>\n","protected":false},"excerpt":{"rendered":"<p>Uma pergunta muito comum: Quanto custa abrir uma empresa nos EUA?\u00a0 Depende de v\u00e1rios fatores. O\u00a0custo para abrir uma empresa pode v\u00e1riar de acordo com a\u00a0modalidade da empresa e do perfil do empres\u00e1rio. Caso voc\u00ea tenha curiosidade em ir mais a fundo para entender como realmente funciona esse processo de abertura de empresa, temos um [&hellip;]<\/p>\n","protected":false},"author":1,"featured_media":0,"parent":0,"menu_order":0,"comment_status":"closed","ping_status":"closed","template":"","meta":{"footnotes":""},"amp_enabled":true,"_links":{"self":[{"href":"https:\/\/www.elogroup.us\/newsite\/wp-json\/wp\/v2\/pages\/1556"}],"collection":[{"href":"https:\/\/www.elogroup.us\/newsite\/wp-json\/wp\/v2\/pages"}],"about":[{"href":"https:\/\/www.elogroup.us\/newsite\/wp-json\/wp\/v2\/types\/page"}],"author":[{"embeddable":true,"href":"https:\/\/www.elogroup.us\/newsite\/wp-json\/wp\/v2\/users\/1"}],"replies":[{"embeddable":true,"href":"https:\/\/www.elogroup.us\/newsite\/wp-json\/wp\/v2\/comments?post=1556"}],"version-history":[{"count":22,"href":"https:\/\/www.elogroup.us\/newsite\/wp-json\/wp\/v2\/pages\/1556\/revisions"}],"predecessor-version":[{"id":1561,"href":"https:\/\/www.elogroup.us\/newsite\/wp-json\/wp\/v2\/pages\/1556\/revisions\/1561"}],"wp:attachment":[{"href":"https:\/\/www.elogroup.us\/newsite\/wp-json\/wp\/v2\/media?parent=1556"}],"curies":[{"name":"wp","href":"https:\/\/api.w.org\/{rel}","templated":true}]}}