{"id":1524,"date":"2018-09-26T18:33:00","date_gmt":"2018-09-26T18:33:00","guid":{"rendered":"https:\/\/www.elogroup.us\/newsite\/?page_id=1524"},"modified":"2019-04-09T20:39:09","modified_gmt":"2019-04-09T20:39:09","slug":"materiais-educativos","status":"publish","type":"page","link":"https:\/\/www.elogroup.us\/newsite\/materiais-educativos\/","title":{"rendered":"Materiais Educativos"},"content":{"rendered":"<div class=\"wpb-content-wrapper\"><p>[vc_row][vc_column]\n        <div class=\"section-title-wrapper \" style=\"color: #505050\">\n            <div class=\"row text-center\">\n                <div class=\"col-xl-6 offset-xl-3 col-lg-8 offset-lg-2 col-md-10 offset-md-1\">  \n                    <h2 class=\"section-title\" style=\"color:#0a6db7\"><\/h2>\n                    <ul class=\"title-shape no-list-style text-center\">\n                        <li style=\"background: #0e5b38\"><\/li>\n                        <li style=\"background: #0e5b38\"><\/li>\n                        <li style=\"background: #0e5b38\"><\/li>\n                    <\/ul>\n                    <p>Baixe agora nossos materiais gratuitos e aprofunde seus conhecimentos sobre abrir empresa nos EUA, impostos, dicas de gest\u00e3o e empreendedorismo e enfim, tudo sobre neg\u00f3cios nos EUA e tamb\u00e9m curiosidades ligadas a cultura americana.<\/p>\n\n                <\/div>\n            <\/div>   \n        <\/div>\n    [\/vc_column][\/vc_row][vc_row][vc_column width=&#8221;1\/3&#8243;][vc_cta h2=&#8221;Webinar: Sua empresa nos EUA&#8221; add_button=&#8221;bottom&#8221; btn_title=&#8221;\u2192 Assistir Webinar&#8221; btn_style=&#8221;gradient-custom&#8221; btn_gradient_custom_color_1=&#8221;#0e5b38&#8243; btn_gradient_custom_color_2=&#8221;#0e5b38&#8243; btn_size=&#8221;lg&#8221; btn_link=&#8221;url:https%3A%2F%2Fwww.elogroup.us%2Fkit-sua-empresa-nos-eua%2F|||&#8221;]<a href=\"https:\/\/www.elogroup.us\/newsite\/wp-content\/uploads\/2019\/04\/Webinar-abrir-empresa-nos-eua.png\"><img loading=\"lazy\" decoding=\"async\" class=\"size-full wp-image-2017\" src=\"https:\/\/www.elogroup.us\/newsite\/wp-content\/uploads\/2019\/04\/Webinar-abrir-empresa-nos-eua.png\" alt=\"Webinar abrir empresa nos eua\" width=\"758\" height=\"569\" srcset=\"https:\/\/www.elogroup.us\/newsite\/wp-content\/uploads\/2019\/04\/Webinar-abrir-empresa-nos-eua.png 758w, https:\/\/www.elogroup.us\/newsite\/wp-content\/uploads\/2019\/04\/Webinar-abrir-empresa-nos-eua-300x225.png 300w\" sizes=\"(max-width: 758px) 100vw, 758px\" \/><\/a><\/p>\n<p>15 anos de experi\u00eancia em abertura de empresas nos EUA em apenas 20 minutos.[\/vc_cta][vc_cta h2=&#8221;Os 100 Maiores Vision\u00e1rios&#8221; add_button=&#8221;bottom&#8221; btn_title=&#8221;\u2192 Baixar eBook&#8221; btn_style=&#8221;gradient-custom&#8221; btn_gradient_custom_color_1=&#8221;#0e5b38&#8243; btn_gradient_custom_color_2=&#8221;#0e5b38&#8243; btn_size=&#8221;lg&#8221; btn_link=&#8221;url:https%3A%2F%2Fwww.elogroup.us%2F100-visionarios-negocios%2F|||&#8221;]<img loading=\"lazy\" decoding=\"async\" class=\"size-full wp-image-1674\" src=\"https:\/\/www.elogroup.us\/newsite\/wp-content\/uploads\/2018\/09\/elogroup-100-maiores-visionarios-negocios-mundo-empresa-nos-eua.png\" alt=\"elogroup 100 maiores visionarios negocios mundo empresa nos eua\" width=\"676\" height=\"376\" srcset=\"https:\/\/www.elogroup.us\/newsite\/wp-content\/uploads\/2018\/09\/elogroup-100-maiores-visionarios-negocios-mundo-empresa-nos-eua.png 676w, https:\/\/www.elogroup.us\/newsite\/wp-content\/uploads\/2018\/09\/elogroup-100-maiores-visionarios-negocios-mundo-empresa-nos-eua-300x167.png 300w\" sizes=\"(max-width: 676px) 100vw, 676px\" \/><\/p>\n<p>O capitalismo pode e deve ser uma for\u00e7a para o bem e existem muitos cases de sucesso que provam isso. Baixe esse ebook e descubra agora![\/vc_cta][vc_cta h2=&#8221;5 Dicas para morar nos EUA&#8221; add_button=&#8221;bottom&#8221; btn_title=&#8221;\u2192 Baixar eBook&#8221; btn_style=&#8221;gradient-custom&#8221; btn_gradient_custom_color_1=&#8221;#0e5b38&#8243; btn_gradient_custom_color_2=&#8221;#0e5b38&#8243; btn_size=&#8221;lg&#8221; btn_link=&#8221;url:http%3A%2F%2Fwww.elogroup.us%2F5-dicas-para-morar-nos-eua%2F|||&#8221;]<a href=\"https:\/\/www.elogroup.us\/newsite\/wp-content\/uploads\/2017\/02\/5-dicas2.png\"><img loading=\"lazy\" decoding=\"async\" class=\"size-full wp-image-198\" src=\"https:\/\/www.elogroup.us\/newsite\/wp-content\/uploads\/2017\/02\/5-dicas2.png\" alt=\"5 dicas para quem quer morar nos EUA\" width=\"810\" height=\"450\" srcset=\"https:\/\/www.elogroup.us\/newsite\/wp-content\/uploads\/2017\/02\/5-dicas2.png 810w, https:\/\/www.elogroup.us\/newsite\/wp-content\/uploads\/2017\/02\/5-dicas2-300x167.png 300w, https:\/\/www.elogroup.us\/newsite\/wp-content\/uploads\/2017\/02\/5-dicas2-768x427.png 768w\" sizes=\"(max-width: 810px) 100vw, 810px\" \/><\/a><\/p>\n<p>Nesse mini eBook listamos 5 dicas para quem quer morar nos EUA.[\/vc_cta][\/vc_column][vc_column width=&#8221;1\/3&#8243;][vc_cta h2=&#8221;Kit: Sua empresa nos EUA&#8221; add_button=&#8221;bottom&#8221; btn_title=&#8221;\u2192 Baixar Ebook&#8221; btn_style=&#8221;gradient-custom&#8221; btn_gradient_custom_color_1=&#8221;#0e5b38&#8243; btn_gradient_custom_color_2=&#8221;#0e5b38&#8243; btn_size=&#8221;lg&#8221; btn_link=&#8221;url:https%3A%2F%2Fwww.elogroup.us%2Fnewsite%2Fkit-sua-empresa-nos-eua%2F|||&#8221;]<img loading=\"lazy\" decoding=\"async\" class=\"alignnone wp-image-1819 size-full\" src=\"https:\/\/www.elogroup.us\/newsite\/wp-content\/uploads\/2018\/11\/elogroup-kit-sua-empresa-nos-eua.png\" alt=\"Como abrir uma empresa no eua LLC ou Corp 12 maneiras de economizar nos impostos nos eua\" width=\"640\" height=\"427\" srcset=\"https:\/\/www.elogroup.us\/newsite\/wp-content\/uploads\/2018\/11\/elogroup-kit-sua-empresa-nos-eua.png 640w, https:\/\/www.elogroup.us\/newsite\/wp-content\/uploads\/2018\/11\/elogroup-kit-sua-empresa-nos-eua-300x200.png 300w, https:\/\/www.elogroup.us\/newsite\/wp-content\/uploads\/2018\/11\/elogroup-kit-sua-empresa-nos-eua-530x355.png 530w\" sizes=\"(max-width: 640px) 100vw, 640px\" \/><\/p>\n<ol>\n<li>Como abrir sua empresa nos EUA<\/li>\n<li>Qual modalidade usar?Corp ou LLC?<\/li>\n<li>Economize nos impostos.<\/li>\n<\/ol>\n<p>[\/vc_cta][vc_cta h2=&#8221;Como Abrir uma Empresa nos EUA&#8221; add_button=&#8221;bottom&#8221; btn_title=&#8221;\u2192 Acessar Post&#8221; btn_style=&#8221;gradient-custom&#8221; btn_gradient_custom_color_1=&#8221;#0e5b38&#8243; btn_gradient_custom_color_2=&#8221;#0e5b38&#8243; btn_size=&#8221;lg&#8221; btn_link=&#8221;url:https%3A%2F%2Fwww.elogroup.us%2Fcomo-abrir-uma-empresa-nos-eua%2F|||&#8221;]<img loading=\"lazy\" decoding=\"async\" class=\"size-full wp-image-1170\" src=\"https:\/\/www.elogroup.us\/newsite\/wp-content\/uploads\/2018\/06\/EloGroup-Como-abrir-uma-empresa-nos-EUA.png\" alt=\"Como abrir uma empresa nos EUA\" width=\"810\" height=\"450\" srcset=\"https:\/\/www.elogroup.us\/newsite\/wp-content\/uploads\/2018\/06\/EloGroup-Como-abrir-uma-empresa-nos-EUA.png 810w, https:\/\/www.elogroup.us\/newsite\/wp-content\/uploads\/2018\/06\/EloGroup-Como-abrir-uma-empresa-nos-EUA-300x167.png 300w, https:\/\/www.elogroup.us\/newsite\/wp-content\/uploads\/2018\/06\/EloGroup-Como-abrir-uma-empresa-nos-EUA-768x427.png 768w\" sizes=\"(max-width: 810px) 100vw, 810px\" \/><\/p>\n<p>Se voc\u00ea tem interesse em abrir seu neg\u00f3cio nos EUA, voc\u00ea com certeza ir\u00e1 se interessar pela leitura desse artigo com o passo a passo completo para abertura de empresas.[\/vc_cta][vc_cta h2=&#8221;Guia de vistos | Imigrando legalmente&#8221; add_button=&#8221;bottom&#8221; btn_title=&#8221;\u2192 Baixar Ebook&#8221; btn_style=&#8221;gradient-custom&#8221; btn_gradient_custom_color_1=&#8221;#0e5b38&#8243; btn_gradient_custom_color_2=&#8221;#0e5b38&#8243; btn_size=&#8221;lg&#8221; btn_link=&#8221;url:https%3A%2F%2Fwww.elogroup.us%2Fguia-de-visto-eb5-l1-e2%2F|||&#8221;]<img loading=\"lazy\" decoding=\"async\" class=\"size-full wp-image-1713\" src=\"https:\/\/www.elogroup.us\/newsite\/wp-content\/uploads\/2018\/09\/ebook-guia-de-vistos-como-imigrar-legalmente-para-os-eua-.png\" alt=\"ebook elo group guia de vistos como imigrar legalmente para os eua\" width=\"600\" height=\"333\" srcset=\"https:\/\/www.elogroup.us\/newsite\/wp-content\/uploads\/2018\/09\/ebook-guia-de-vistos-como-imigrar-legalmente-para-os-eua-.png 600w, https:\/\/www.elogroup.us\/newsite\/wp-content\/uploads\/2018\/09\/ebook-guia-de-vistos-como-imigrar-legalmente-para-os-eua--300x167.png 300w\" sizes=\"(max-width: 600px) 100vw, 600px\" \/><\/p>\n<p>L1, EB-5 ou E-2 ? Saiba quais os principais vistos utilizados por brasileiros para imigrar legalmente para os Estados Unidos.[\/vc_cta][\/vc_column][vc_column width=&#8221;1\/3&#8243;][vc_cta h2=&#8221;Greencard e Cidadania&#8221; add_button=&#8221;bottom&#8221; btn_title=&#8221;\u2192 Acessar Post&#8221; btn_style=&#8221;gradient-custom&#8221; btn_gradient_custom_color_1=&#8221;#0e5b38&#8243; btn_gradient_custom_color_2=&#8221;#0e5b38&#8243; btn_size=&#8221;lg&#8221; btn_link=&#8221;url:https%3A%2F%2Fwww.elogroup.us%2Fo-que-e-um-green-card%2F|||&#8221;]<img loading=\"lazy\" decoding=\"async\" class=\"size-full wp-image-1197\" src=\"https:\/\/www.elogroup.us\/newsite\/wp-content\/uploads\/2018\/06\/EloGroup-O-que-e-um-Green-card.png\" alt=\"O que \u00e9 um Green card?\" width=\"810\" height=\"450\" srcset=\"https:\/\/www.elogroup.us\/newsite\/wp-content\/uploads\/2018\/06\/EloGroup-O-que-e-um-Green-card.png 810w, https:\/\/www.elogroup.us\/newsite\/wp-content\/uploads\/2018\/06\/EloGroup-O-que-e-um-Green-card-300x167.png 300w, https:\/\/www.elogroup.us\/newsite\/wp-content\/uploads\/2018\/06\/EloGroup-O-que-e-um-Green-card-768x427.png 768w\" sizes=\"(max-width: 810px) 100vw, 810px\" \/><\/p>\n<p>\u00c9 muito comum as pessoas confundirem esses dois assuntos, GreenCard e Cidadania Americana. Descubra as principais diferen\u00e7as entre um eles.[\/vc_cta][vc_cta h2=&#8221;Planejamento de Viagem&#8221; add_button=&#8221;bottom&#8221; btn_title=&#8221;\u2192 Baixar Planilha&#8221; btn_style=&#8221;gradient-custom&#8221; btn_gradient_custom_color_1=&#8221;#0e5b38&#8243; btn_gradient_custom_color_2=&#8221;#0e5b38&#8243; btn_size=&#8221;lg&#8221; btn_link=&#8221;url:http%3A%2F%2Fwww.elogroup.us%2Fnewsite%2Fplanejamento-viagem-eua%2F|||&#8221;]<img loading=\"lazy\" decoding=\"async\" class=\"size-full wp-image-363\" src=\"https:\/\/www.elogroup.us\/newsite\/wp-content\/uploads\/2017\/05\/Planejamento-de-viagem-elo.png\" alt=\"Planilha Elo Group Planejamento de viagem\" width=\"810\" height=\"450\" srcset=\"https:\/\/www.elogroup.us\/newsite\/wp-content\/uploads\/2017\/05\/Planejamento-de-viagem-elo.png 810w, https:\/\/www.elogroup.us\/newsite\/wp-content\/uploads\/2017\/05\/Planejamento-de-viagem-elo-300x167.png 300w, https:\/\/www.elogroup.us\/newsite\/wp-content\/uploads\/2017\/05\/Planejamento-de-viagem-elo-768x427.png 768w\" sizes=\"(max-width: 810px) 100vw, 810px\" \/><\/p>\n<p>Saiba como planejar sua viagem, tenha um total controle de seus custos e n\u00e3o passe por surpresas com a fatura do cart\u00e3o de cr\u00e9dito. Essa planilha ir\u00e1 ajuda-lo a\u00a0planejar e documentar sua viagem.[\/vc_cta][vc_cta h2=&#8221;Quer mais?&#8221; add_button=&#8221;bottom&#8221; btn_title=&#8221;\u2192 Baixar Ebook&#8221; btn_style=&#8221;gradient-custom&#8221; btn_gradient_custom_color_1=&#8221;#0e5b38&#8243; btn_gradient_custom_color_2=&#8221;#0e5b38&#8243; btn_size=&#8221;lg&#8221; btn_link=&#8221;url:https%3A%2F%2Fwww.elogroup.us%2Fguia-de-visto-eb5-l1-e2%2F|||&#8221;]Acesse na\u00a0sess\u00e3o de infogr\u00e1ficos com diversas informa\u00e7\u00f5es e relat\u00f3rios gr\u00e1ficos sobre neg\u00f3cios nos EUA.[\/vc_cta][\/vc_column][\/vc_row][vc_row][vc_column][\/vc_column][\/vc_row]<\/p>\n<\/div>","protected":false},"excerpt":{"rendered":"<p>[vc_row][vc_column][\/vc_column][\/vc_row][vc_row][vc_column width=&#8221;1\/3&#8243;][vc_cta h2=&#8221;Webinar: Sua empresa nos EUA&#8221; add_button=&#8221;bottom&#8221; btn_title=&#8221;\u2192 Assistir Webinar&#8221; btn_style=&#8221;gradient-custom&#8221; btn_gradient_custom_color_1=&#8221;#0e5b38&#8243; btn_gradient_custom_color_2=&#8221;#0e5b38&#8243; btn_size=&#8221;lg&#8221; btn_link=&#8221;url:https%3A%2F%2Fwww.elogroup.us%2Fkit-sua-empresa-nos-eua%2F|||&#8221;] 15 anos de experi\u00eancia em abertura de empresas nos EUA em apenas 20 minutos.[\/vc_cta][vc_cta h2=&#8221;Os 100 Maiores Vision\u00e1rios&#8221; add_button=&#8221;bottom&#8221; btn_title=&#8221;\u2192 Baixar eBook&#8221; btn_style=&#8221;gradient-custom&#8221; btn_gradient_custom_color_1=&#8221;#0e5b38&#8243; btn_gradient_custom_color_2=&#8221;#0e5b38&#8243; btn_size=&#8221;lg&#8221; btn_link=&#8221;url:https%3A%2F%2Fwww.elogroup.us%2F100-visionarios-negocios%2F|||&#8221;] O capitalismo pode e deve ser uma for\u00e7a para o bem e [&hellip;]<\/p>\n","protected":false},"author":1,"featured_media":0,"parent":0,"menu_order":0,"comment_status":"closed","ping_status":"closed","template":"","meta":{"footnotes":""},"amp_enabled":true,"_links":{"self":[{"href":"https:\/\/www.elogroup.us\/newsite\/wp-json\/wp\/v2\/pages\/1524"}],"collection":[{"href":"https:\/\/www.elogroup.us\/newsite\/wp-json\/wp\/v2\/pages"}],"about":[{"href":"https:\/\/www.elogroup.us\/newsite\/wp-json\/wp\/v2\/types\/page"}],"author":[{"embeddable":true,"href":"https:\/\/www.elogroup.us\/newsite\/wp-json\/wp\/v2\/users\/1"}],"replies":[{"embeddable":true,"href":"https:\/\/www.elogroup.us\/newsite\/wp-json\/wp\/v2\/comments?post=1524"}],"version-history":[{"count":47,"href":"https:\/\/www.elogroup.us\/newsite\/wp-json\/wp\/v2\/pages\/1524\/revisions"}],"predecessor-version":[{"id":2046,"href":"https:\/\/www.elogroup.us\/newsite\/wp-json\/wp\/v2\/pages\/1524\/revisions\/2046"}],"wp:attachment":[{"href":"https:\/\/www.elogroup.us\/newsite\/wp-json\/wp\/v2\/media?parent=1524"}],"curies":[{"name":"wp","href":"https:\/\/api.w.org\/{rel}","templated":true}]}}